2 - 17*g + 4. Calculate t(12).
-56
Let f(b) = -3*b**3 - 71*b**2 + 23*b - 17. Determine f(-24).
7
Let m(g) = 33*g**3 + 3*g**2 - 4*g - 6. Calculate m(-1).
-32
Let y(g) = g**2 + 2*g - 4. Determine y(-2).
-4
Let t(d) = d**2 - d. Calculate t(-6).
42
Let n(g) = -g**3 + 5*g**2 - g + 7. What is n(5)?
2
Let i(w) = w**3 - 4*w**2 + 5*w - 6. Determine i(3).
0
Let h(c) = -2*c + 9. Determine h(4).
1
Let t(s) = 2*s**2 - 3. Give t(3).
15
Let k(v) = -7*v + 69. What is k(9)?
6
Let w(m) = -m**3 + 8*m**2 + 20*m - 3. Determine w(10).
-3
Let s(v) = -v**2 + 6*v - 13. Calculate s(3).
-4
Let i(f) = -7*f + 14. Calculate i(12).
-70
Let g(v) = 2*v**2 - v - 15. What is g(5)?
30
Let c(d) = d**3 + 5*d**2 + 9*d + 7. Calculate c(-4).
-13
Let q(n) = n**3 - 5*n**2 - 4*n - 8. Calculate q(6).
4
Let y(o) = o**3 + o**2 - 4*o + 12. Determine y(4).
76
Let g(c) = -8*c**2 - 2. Calculate g(2).
-34
Let p(u) = 56*u**2 + 5*u - 5. Determine p(1).
56
Let r(s) = s**3 - 8*s**2 - 11*s + 13. Determine r(9).
-5
Let t(p) = p - 1. Give t(-6).
-7
Let o(t) = 3*t - 13. Calculate o(9).
14
Let d(y) = 2*y - 3. Determine d(-2).
-7
Let q(v) = v**3 - 12*v**2 - 9*v - 6. Determine q(13).
46
Let p(x) = -x**3 + 5*x**2 + 12*x - 33. Calculate p(6).
3
Let h(d) = -d**3 + 17*d**2 + 40*d + 45. What is h(19)?
83
Let k(o) = -2*o - 9. Determine k(7).
-23
Let n(r) = r**2 + 17*r - 39. Determine n(-19).
-1
Let a(g) = -33*g - 98. Determine a(-3).
1
Let p(a) = -a**2 - 32*a + 187. Calculate p(-38).
-41
Let i(k) = k**2 - 21*k + 15. Determine i(20).
-5
Let v(i) = i**3 + 3*i**2 - 8*i + 6. What is v(-5)?
-4
Let d(r) = r**2 + 9*r + 1. Determine d(-7).
-13
Let u(v) = -v**2 - 5*v + 2. Determine u(-5).
2
Let u(a) = 26*a - 13. Determine u(5).
117
Let s(l) = -2*l + 32. Calculate s(-20).
72
Let a(s) = -3*s**3 + 2*s**2 + s - 2. What is a(1)?
-2
Let n(p) = 36*p**3 - 2*p**2 + 3*p - 1. Determine n(1).
36
Let b(u) = u**3 + 11*u**2 + 33*u + 20. Determine b(-4).
0
Let p(y) = -52*y + 581. Calculate p(11).
9
Let t(b) = b**2 - 5*b - 49. Determine t(10).
1
Let a(h) = -2*h**3 - 31*h**2 - 17*h - 27. Determine a(-15).
3
Let r(l) = 3*l + 12. Calculate r(-7).
-9
Let i(t) = 10*t**2 + t + 2. Give i(-1).
11
Let t(y) = 18*y + 1. Calculate t(-1).
-17
Let j(z) = z**2 - 3*z. Give j(6).
18
Let t(j) = -j**3 - 6*j**2 + 3*j + 4. Calculate t(-5).
-36
Let m(j) = j**3 - 34*j**2 + 55*j + 284. Calculate m(32).
-4
Let h(j) = -j**2 - 2*j + 4. What is h(0)?
4
Let j(q) = q**3 - 5*q**2 + 3*q + 2. Determine j(3).
-7
Let j(q) = 3*q**2 + 7*q - 36. Calculate j(-10).
194
Let h(d) = d**2 + 8*d + 18. Determine h(-7).
11
Let b(c) = c**3 - 3*c**2 - c + 3. Determine b(2).
-3
Let x(v) = 5*v + 112. Give x(-21).
7
Let x(z) = z**2 - 5*z - 8. What is x(7)?
6
Let a(z) = z**2 - 6*z - 9. What is a(8)?
7
Let k(s) = 3*s**2 - 9*s. Determine k(7).
84
Let i(j) = 2*j - 10. Give i(5).
0
Let s(u) = u**3 + 8*u**2 - 17*u - 62. What is s(-9)?
10
Let x(s) = -s**2 - 31*s - 81. Calculate x(-27).
27
Let z(u) = -6*u**2 - 6*u - 2. Give z(-4).
-74
Let w(y) = -3*y**3 - 3*y**2 - 2*y - 2. Determine w(-2).
14
Let b(a) = a**3 + 7*a**2 + 7*a - 11. Calculate b(-6).
-17
Let n(d) = -2*d**2 + 6*d - 6. Determine n(3).
-6
Let x(f) = f**2 - 24*f + 140. What is x(15)?
5
Let u(z) = z**3 + 19*z**2 - 22*z - 31. Determine u(-20).
9
Let k(x) = 2*x**2 - 43*x + 194. Determine k(16).
18
Let c(r) = -7*r**3 + r**2 - 3*r + 6. Calculate c(2).
-52
Let k(j) = -j**3 + 2*j**2 + 3*j + 7. What is k(4)?
-13
Let w(c) = c - 7. What is w(-11)?
-18
Let c(i) = -3*i**3 - i**2 + 2*i. Give c(2).
-24
Let r(s) = 22*s + 1. Determine r(1).
23
Let h(i) = i**2 + 19*i + 56. Determine h(-16).
8
Let s(b) = b**3 - 20*b**2 - 72*b + 60. Calculate s(23).
-9
Let d(x) = -x**2 + 189*x - 567. Calculate d(3).
-9
Let j(k) = -4*k**3 + 14*k**2 - 13*k + 4. Determine j(2).
2
Let d(j) = j**3 - 10*j**2 + 12*j - 7. Determine d(9).
20
Let q(p) = -p**3 - 6*p**2 - 6*p + 2. Give q(-5).
7
Let h(s) = -8*s - 182. Give h(-20).
-22
Let g(k) = k**3 - 4*k**2 + k - 2. Determine g(3).
-8
Let a(l) = -l - 3. What is a(6)?
-9
Let d(o) = o**3 + 7*o**2 + 13*o + 19. Calculate d(-5).
4
Let b(s) = s**3 + 7*s**2 + 13*s + 20. Give b(-5).
5
Let n(a) = -2*a**2 - 16*a + 5. What is n(-8)?
5
Let l(c) = -73*c**3 + 2*c**2 + c. Give l(-1).
74
Let g(l) = l**2 - 6*l - 16. Give g(8).
0
Let a(k) = 2*k**2 + 3*k - 3. Determine a(-3).
6
Let r(q) = q**3 + 6*q**2 + q + 1. Calculate r(-6).
-5
Let v(u) = u**3 - 4*u**2 - 8*u - 5. Calculate v(5).
-20
Let u(o) = 5*o**2 + 31*o + 11. What is u(-9)?
137
Let k(g) = -g**3 - 6*g**2 - 7*g - 2. What is k(-4)?
-6
Let c(q) = q**3 - 12*q**2 - 12*q - 9. Give c(13).
4
Let h(m) = 16*m - 19. Give h(1).
-3
Let u(l) = l**2 + 12*l + 9. Determine u(-11).
-2
Let t(n) = n + 5. Give t(-17).
-12
Let d(f) = -11*f - 4. Calculate d(-3).
29
Let x(n) = -11*n**2 - 2*n - 3. Give x(-1).
-12
Let g(s) = 2*s - 2. Determine g(-4).
-10
Let o(r) = -r**2 - 4*r + 1. Determine o(-2).
5
Let s(i) = -16*i + 2. Calculate s(2).
-30
Let q(h) = h**2 - 5*h + 6. Calculate q(1).
2
Let c(o) = o**3 + 12*o**2 + 6*o - 8. What is c(-11)?
47
Let d(w) = -334*w + 1339. Determine d(4).
3
Let m(h) = -h**3 - h**2 - 4*h - 4. Determine m(-1).
0
Let n(a) = -a**2 - 3*a + 7. Determine n(0).
7
Let y(u) = u**3 + 5*u**2 - 12*u + 88. Give y(-8).
-8
Let j(d) = d**2 + 3*d + 9. Determine j(-6).
27
Let j(t) = 13*t - 1. Determine j(-4).
-53
Let h(b) = 14*b + 11. Give h(-1).
-3
Let v(f) = -f**2 - 22*f + 100. Determine v(-26).
-4
Let m(v) = 30*v + 1297. Give m(-43).
7
Let b(z) = -3*z**2 - 40*z - 10. Give b(-13).
3
Let s(b) = b + 35. Determine s(-18).
17
Let k(o) = -3*o**3 + o**2 + 2*o - 2. Calculate k(2).
-18
Let r(u) = -u**3 + 3*u**2 - 5*u + 2. Give r(4).
-34
Let q(n) = n**3 - 10*n**2 - 2*n + 8. What is q(10)?
-12
Let l(p) = p**2 - 3*p - 42. What is l(8)?
-2
Let z(k) = 2*k + 7. Determine z(4).
15
Let t(w) = -w**3 + 10*w**2 - 9*w - 11. What is t(9)?
-11
Let j(s) = -s**3 + 3*s - 4. Calculate j(-3).
14
Let f(d) = 4*d + 6. What is f(6)?
30
Let b(k) = 5*k**3 + k**2 - 6*k + 2. Determine b(-3).
-106
Let z(o) = 25*o - 424. Determine z(17).
1
Let o(m) = -7*m - 20. What is o(-5)?
15
Let x(h) = -33*h + 3. Determine x(1).
-30
Let u(s) = 5*s - 14. What is u(11)?
41
Let y(t) = t**2 - t - 21. Calculate y(0).
-21
Let t(b) = -10*b**3 - 3*b**2 - 16*b + 17. Calculate t(1).
-12
Let x(s) = -s**2 - 36*s + 196. Give x(-41).
-9
Let d(j) = j**2 - 8*j - 2. What is d(-6)?
82
Let h(g) = -g**3 - 4*g**2 + 7*g - 12. Calculate h(4).
-112
Let l(c) = -3*c - 24. Determine l(-5).
-9
Let t(z) = 28*z + 179. Give t(-6).
11
Let g(v) = v**3 + 3*v**2 + 3*v + 2. What is g(-2)?
0
Let l(h) = -8*h + 90. What is l(20)?
-70
Let h(r) = r + 10. Determine h(-10).
0
Let j(i) = -48*i - 869. What is j(-18)?
-5
Let w(s) = -s**2 - 16*s - 14. What is w(-16)?
-14
Let q(m) = 32*m**2 - 641*m + 13. Give q(20).
-7
Let t(z) = -3*z + 1. What is t(4)?
-11
Let a(c) = 12*c + 22. Calculate a(-2).
-2
Let a(r) = -r**2 - 15*r + 20. Calculate a(-18).
-34
Let y(t) = t**3 - 5*t**2 + 9*t - 2. Calculate y(6).
88
Let b(l) = l - 2. What is b(-20)?
-22
Let j(v) = -v**3 - 3*v**2 + 18*v + 55. Determine j(-6).
55
Let i(k) = -k**3 - 6*k**2 + 3*k + 17. What is i(-7)?
45
Let r(f) = -5*f + 34. What is r(6)?
4
Let a(u) = -u**2 + 20*u + 3. Determine a(21).
-18
Let d(c) = c - 23. Give d(7).
-16
Let t(p) = 5*p**3 + 11*p**2 + 4*p - 5. Give t(-3).
-53
Let z(h) = -h**3 - 7*h**2 + 8*h - 11. Calculate z(-8).
-11
Let o(m) = 12*m - 54. What is o(-7)?
-138
Let q(t) = 6*t + 6. Give q(-5).
-24
Let s(r) = 4*r - 42. What is s(11)?
2
Let v(o) = -2*o - 3. What is v(1)?
-5
Let y(g) = -g**3 + 6*g**2 + 2*g + 6. What is y(7)?
-29
Let d(c) = -4*c**2 - 4*c - 1. Give d(-2).
-9
Let q(u) = -u**2 + 8*u - 4. What is q(6)?
8
Let m(f) = f**3 - 27*f**2 - 30*f + 55. Calculate m(28).
-1
Let y(f) = 2*f**3 - 15*f**2 - 2*f - 50. Determine y(8).
-2
Let u(p) = -85*p + 592. Calculate u(7).
-3
Let z(k) = k**3 - 7*k**2 - 2*k + 3. Determine z(6).
-45
Let d(n) = n**3 + n**2 + 5. Calculate d(0).
5
Let d(f) = -5*f - 3. Determine d(7).
-38
Let d(b) = b**3 + 14*b**2 + 11*b + 5. What is d(-13)?
31
Let s(c) = 59*c + 1189. Determine s(-20).
9
Let o(p) = p - 5. What is o(1)?
-4
Let c(q) = q**2 - 8*q + 6. What is c(12)?
54
Let r(n) = -27*n + 66. Determine r(3).
-15
Let o(n) = -n + 1. What is o(-8)?
9
Let z(h) = h**3 + 4*h**2 - 3*h + 1. What is z(-5)?
-9
Let o(z) = -2*z**3 -